 b*c - 1481 - 1634. Suppose -3*v + 4*o = -25273, c = 4*v + 3*o - 33041. Is v a prime number?
True
Let l = 1 + 1. Suppose -3*b = 4*v - 11, -5*v + l*b + 4 = -4. Suppose -v*r + 74 = -0*r. Is r a composite number?
False
Suppose 18*c = 3*c + 6665955. Is c a composite number?
True
Let j be -1 - -5705 - (-6 + 3). Suppose -3*q + x = -7*q - j, -5*q - x - 7134 = 0. Let s = 702 - q. Is s prime?
True
Suppose 0 = -7*k + 8*k + 28. Let x(s) = -166*s + 31. Is x(k) prime?
True
Let g(f) = f + 24. Suppose -j = -t + 19, 0*j = 4*j - t + 85. Let h be g(j). Suppose -3*d = -h*o + 2*d + 1900, -5*d - 945 = -o. Is o a prime number?
False
Let o(j) be the first derivative of -5*j**2/2 - 68*j - 41. Let v be o(24). Let c = 926 - v. Is c prime?
False
Let c(m) = 4*m - 3. Let o be c(2). Suppose -3*l - 4*a = 45, o*a + 2 = l - 2. Let y(i) = 26*i**2 + 11*i - 8. Is y(l) composite?
True
Let n = -96 - -118. Is 1*-3 - (n - 62) composite?
False
Let d be (-20)/200 + (-84)/(-40). Suppose -2*z - s = -6*s - 45314, -2*z = d*s - 45286. Is z prime?
False
Is 4/2 + 238/(-170) + (-29968)/(-20) prime?
True
Let s(a) = -369*a + 178. Let n be (-46)/4 + 1 - (-60)/(-120). Is s(n) prime?
False
Let i(o) = -15*o**2 - 30*o - 4. Let a(m) = -2*m**2 - m + 1. Let u(v) = a(v) - i(v). Is u(15) a composite number?
True
Is (-7 - 180/(-15)) + 5774 a composite number?
False
Let o be 6/15 - ((-16)/10 + -2). Let v(g) = 383*g**2 - g - 3. Is v(o) composite?
False
Suppose -13*a - 20*a + 1881 = 0. Suppose -3630 = -4*s - 2*m, s - a*m - 903 = -53*m. Is s composite?
False
Let j(c) = -42*c - 64*c + 41*c - 35*c + 107. Is j(-24) prime?
False
Let d be (-1)/(-9)*15*3/1. Suppose -4*v = 5*c + 4 + 2, -d*v = -4*c + 28. Suppose 10*k - 8*k - 2814 = 4*l, c*k = 2*l + 2806. Is k prime?
True
Let l(a) = 374*a - 195. Is l(29) a prime number?
True
Suppose 6*d + 5*w = 32846, 0 = -3*d + 2*w + 20658 - 4253. Is d a prime number?
True
Suppose -7 = -7*k - 518. Let i = 803 + k. Let y = i - 231. Is y a composite number?
False
Suppose 13095 = 2*u - 3*k, -3*k + 19605 = 2*u + u. Let q = 11068 - u. Let r = q + -2399. Is r prime?
True
Let n(t) = 760*t**2 - 14*t - 19. Let r be n(-9). Suppose -6*h = 12953 - r. Suppose 10*q + 149 = h. Is q a composite number?
False
Is (2170/(-186))/(20/(-258828)) prime?
False
Let p = -101488 - -184090. Suppose -11*l - 7*l = -p. Is l prime?
False
Let z(g) = 2319*g**2 - 158*g - 1054. Is z(-7) composite?
False
Let a = 265 + -241. Is -41*(-36)/a*92/6 a prime number?
False
Suppose -16*l - p + 258973 = -13*l, 5*l - 431599 = 4*p. Is l prime?
True
Suppose -5*h = q - 2883449, -21*q + 1730087 = 3*h - 16*q. Is h prime?
True
Let a = -497 - -388. Let z = 1528 - a. Is z composite?
False
Suppose -f - 3643 = -s, 3*f - 8673 - 5927 = -4*s. Let l = -828 + s. Is l a composite number?
False
Suppose -5*i = -3*q - 2 + 1, 0 = 2*q + i - 8. Suppose -9*g = -q*g. Suppose g = 2*c - 2 - 12. Is c a prime number?
True
Suppose 7*j + 286 = 118. Is -5221*(-5 - j/6)/1 a prime number?
False
Suppose -3*p + x = 4*x - 101964, p + 3*x - 33996 = 0. Suppose -2*a = 7*a + p. Let u = 5623 + a. Is u a composite number?
False
Suppose -4*y - 13 = x + 3, 4*y = 3*x. Is 4/(-5) + 18439/5 - x a composite number?
False
Let m(l) = -l**3 + 20*l**2 + 24*l - 48. Let s be m(21). Suppose s*a = 18442 + 13883. Is a a prime number?
False
Let p = -9459 - -5215. Is (p/(-8))/(11/22) a prime number?
True
Suppose 13*g = 1721318 - 39417. Is g a prime number?
False
Suppose 122*w - 123*w = 0. Suppose w = -2*c + 6, -2*i - c + 1627 = -4650. Is i prime?
True
Suppose -5*x = -4*r - 601453, -3*r = 5*x - 153473 - 448001. Is x prime?
True
Suppose 11342017 = 28*a + 18*a - 9*a. Is a prime?
True
Let k = -55 + 72. Suppose -3 - 5 = -2*z. Let t = k + z. Is t composite?
True
Let j = -65 - -70. Suppose -j*d + 3311 = 5*c - 1474, 3*d - 953 = -c. Is c a prime number?
False
Let x = -6465 + 14721. Let b = 15254 - x. Is b prime?
False
Let w(t) = -t**3 - 11*t**2 - 11*t - 7. Let a be w(-10). Suppose 0 = 12*p + a*p - 101685. Is p prime?
True
Suppose -41073866 = -137*q + 15900407 + 30771898. Is q prime?
True
Let i = -98 + 113. Is 3 + 3304 + (5 - i/5) a prime number?
False
Let v be (-9)/12 - 125/20. Let y be v + 10 + (-1 - -3). Suppose 897 = y*a + 2*u - u, u + 535 = 3*a. Is a composite?
False
Let v = -328330 + 1143273. Is v prime?
True
Let z(x) = -1173*x - 2450. Is z(-79) a prime number?
True
Let k(h) = 3*h**2 - 17*h - 9. Let i be k(-8). Let c = 1405 - 672. Suppose -4*n + c + i = 0. Is n a composite number?
False
Is 33359 - (11 - 5 - -7) composite?
True
Let k(b) = -b + 2750. Let n(f) = -2751. Let o(a) = 4*k(a) + 3*n(a). Is o(0) composite?
True
Let r be 92498/10 - (-5)/25. Suppose r = 12*b - 1682. Is b a prime number?
True
Let v = -37882 - -196021. Is -2 + (-14)/((-126)/v) prime?
True
Let h = -57602 + 122133. Is h a prime number?
False
Let v = 163 - 157. Let l(p) = 105*p**2 + 25*p - 139. Is l(v) composite?
True
Let q(y) = 260*y**2 + 6*y + 11. Let i be -3 - ((-24)/84 - 2/(-7)). Is q(i) composite?
False
Let j = 29059 + 548160. Is j a prime number?
True
Suppose r - 5*l = 4, 3*r - 2*l = -0*r - 14. Let w = 655 + r. Is w a prime number?
False
Let n(m) = -2*m**2 - 3*m + 4. Let t be n(-3). Let v(y) = -352*y - 26 - 7 - 16 + 192*y. Is v(t) a prime number?
True
Let w(o) = -o**3 + o**2 + 4*o + 1. Let p be w(-5). Let m = -268 + p. Let t = 198 - m. Is t a composite number?
True
Let b(h) = -8*h**3 + 46*h + 11*h**3 - 13*h + 25 - 29*h**2 + h**3. Is b(20) composite?
True
Let t(a) = 11*a + 14. Let l be t(-7). Let b = 68 + l. Suppose -4*j + 2*j - 923 = -b*w, w = -j + 186. Is w a composite number?
True
Let k = 604661 + 234050. Is k prime?
True
Suppose 0 = 12*j - 15*j - 15. Let q(f) = -13*f**3 - 2*f**2 + 4*f - 6. Let v be q(j). Let t = v + -887. Is t a prime number?
False
Let a(h) = 3*h**3 - 5*h**2 - 11*h + 2. Let x = -1 - -6. Let y be a(x). Suppose -8*n + 191 = q - 3*n, q = -3*n + y. Is q a composite number?
True
Suppose -7*b = 10*b - 34. Suppose 5*p - 198 + 2377 = 2*x, 2*x - 2172 = -b*p. Is x prime?
True
Let g = -89 + 92. Suppose 2*j = -g*j + 20. Is 9 + (-172510)/(-75) + j/(-30) composite?
False
Suppose 8*y + y = 63. Suppose -o - y + 2 = 0. Let t(l) = -3*l**3 + 3*l**2 + 1. Is t(o) a composite number?
True
Let l = -80 + 529. Is l prime?
True
Let x = -39628 - -58835. Is x prime?
True
Let a = 284 - 237. Suppose a*w = 48*w - 1897. Is w a prime number?
False
Let z(p) = -621*p + 49. Let b be 5 - (1 - (-32)/4). Is z(b) prime?
False
Suppose 81*x + 4248 = 85*x. Suppose 5*l - x = 1393. Is l composite?
False
Let a be 781 + 0 + 7 + -8. Let b = a - -23. Is b a composite number?
True
Suppose 6733 - 58036 = -21*r. Suppose 7137 + r = 20*z. Is z prime?
True
Let q(s) = 82*s + 3. Let c be (0 + 0)/3 - -6. Suppose 7 = c*m - 17. Is q(m) prime?
True
Suppose -10304 = -3*w - 5*t, 4*w + 5*t - 9*t - 13728 = 0. Suppose -12*l - w = -13*l. Is l prime?
True
Let z(f) = 42038*f**2 - 21*f + 2. Is z(3) prime?
False
Let b be 181 + (-2 + -3 - -1). Let g = b - 50. Is g composite?
False
Suppose 21*s + 250596200 = 113*s + 35252076. Is s a composite number?
False
Let n(q) = 195*q**2 - q + 7. Suppose -127 = -7*b + 174. Let u = b - 40. Is n(u) a prime number?
True
Let b(f) = 7*f - 57. Let s be b(-21). Let m = s + 585. Is m composite?
True
Let v(y) = 11775*y**2 + 116*y - 4. Is v(5) composite?
True
Let s(j) = -41 - j**2 + 3*j**2 + 20 + 33*j. Let o be s(-17). Is (-7922)/(-85)*(-10)/o prime?
True
Suppose -18424 = -4*i - 3*u, -2*i - 3*u + 4597 = -i. Suppose 0*a = a + z - 917, 5*a - i = z. Is a prime?
False
Let m(s) = -344*s**3 + 45*s**2 + 189*s - 3. Is m(-5) prime?
True
Let x(p) = 9*p**2 + 50*p - 246. Is x(61) composite?
False
Is (-67203)/(-7) - 916/(-1603) a prime number?
True
Let g(m) = m. Let r(n) = 2953*n - 3. Let i(z) = -6*g(z) + r(z). Let t be i(3). Suppose -6716 = -14*l + t. Is l a prime number?
False
Let j = -64 - -67. Let g(a) = 1 + a**2 - 2*a - 16*a**j - 5*a**2 - 13*a**3 - 5. Is g(-3) a prime number?
False
Let v be 3502/4 + 9/(-18). Let a = v + -135. Suppose -a = -2*c - g, -3*c + 7*g + 1123 = 2*g. Is c a prime number?
False
Suppose 4*j = -2*y + 18, -2*j - 10 = -14. Let r = 6496 - 250. Suppose -2*u = -3*d + r + 713, 0 = -y*d - u + 11607. Is d a composite number?
True
Suppose -49 = -9*g - 157. Is (0 - -596)/(-10 - g) a prime number?
False
Let r(b) = 38*b**3 - 11*b**2 - b - 2